t the prime factors of w(6).
11, 13, 23
Let o(a) = -3*a**2 + 47*a + 23. Let b be o(16). Suppose -1880 = -3*g - b*g. What are the prime factors of g?
2, 47
Suppose -8*c + 7*c - 26301 = -5*v, 3*v - 3*c - 15795 = 0. What are the prime factors of v?
3, 1753
Let j be 83 + -3*((-48)/9)/(-4). Let x = 87 - j. Suppose -2*g = -g - x. List the prime factors of g.
2
Let w = 12997 + 8455. What are the prime factors of w?
2, 31, 173
Let m be (-3 - (-6 + 1)) + -2 + 1. Let y be (-5 + 3 + 2)/m. Suppose a + 96 - 268 = -p, 2*a - p - 347 = y. What are the prime factors of a?
173
Let b = -19034 - -57263. List the prime factors of b.
3, 12743
Let r(t) = -34*t + 2. Let h(m) = m - 1. Let d(a) = 4*h(a) + r(a). Suppose -135 - 30 = 45*x - 30. What are the prime factors of d(x)?
2, 11
Suppose n - 37 = 15. List the prime factors of (-1)/(3/(-9)) + n.
5, 11
Let w be (-4)/(20/(-55)) + 2. Let f be (2 - -3)/(1/w). Suppose 0 = -4*k - 2*c + 164, -5*c - 71 = -3*k + f. List the prime factors of k.
2, 3, 7
Let i = -35 - -64. Let w = 34 - i. List the prime factors of ((-76)/12 - -7)*30*w.
2, 5
Suppose 6*i - 12493 = 5*i + 2*x, 3*i - 37529 = -4*x. List the prime factors of i.
12503
Let d(g) = g**3 - 3*g**2 + g. Let u be d(3). Let q be (-8)/68 - (-820)/34. Suppose 3*c = 5*a + 224, -4*a = -u*c - q + 250. List the prime factors of c.
2, 3, 13
Let q(v) = 646*v**2 + 71*v - 484. What are the prime factors of q(6)?
2, 7, 1657
Let d = -193 - -105. Let g = 86 + 49. Let c = g + d. List the prime factors of c.
47
Suppose 7*w = -5*i + 2*w, -4*i + 25 = -w. Suppose b = -5*a + 492, -2*b + i*a - 1009 = -4*b. What are the prime factors of b?
11, 47
What are the prime factors of (-20 - 0)*(-13880)/32*(-2 - -4)?
2, 5, 347
Suppose 109*q = 18*q + 395486. List the prime factors of q.
2, 41, 53
Suppose -35*a = -21*a - 22*a + 192136. List the prime factors of a.
7, 47, 73
Let s = 40 - 93. Let z(o) = 3*o. Let c be z(-2). List the prime factors of s/(-3) + ((-8)/c)/(-2).
17
What are the prime factors of 6*(69 - 33)*(-64)/(-3)?
2, 3
Let n(u) = 18*u + 118. Suppose 32 = 3*l + 2*v - 7, -3*l + 18 = -5*v. What are the prime factors of n(l)?
2, 79
Let b be 1/(1/44*-43 + 1). Let g = 16 + -56. Let t = b + g. List the prime factors of t.
2
Suppose i = 7*i + 78. Let v(m) = m**2 - 10*m - 6. What are the prime factors of v(i)?
293
Let j(q) = 6*q**2 + 128*q + 1204. What are the prime factors of j(61)?
2, 3, 1741
Suppose 2*s = -w + 1436 + 323, 0 = -2*s + 2*w + 1756. Suppose -4*q - 31 = 4*l - s, 5*l = 5*q + 1010. What are the prime factors of l?
3, 23
Suppose -5*l + 55562 = -2*z + 8*z, -2*l + 22220 = 4*z. List the prime factors of l.
2, 7, 397
Let y be (-2)/(-2)*8*-1. What are the prime factors of 2/y - 3891/(-12)?
2, 3
Let m(o) = -226*o**2 + 6*o - 6. Let l be m(-3). Let w = l - -3050. List the prime factors of w.
2, 31
Let g = 13008 + -7710. What are the prime factors of g?
2, 3, 883
Suppose -72 = 5*o - 8*o. Suppose o = -x + 5*w, -3*x + 2*w - 29 = -9. List the prime factors of (-5 + 65)/((-6)/x).
2, 5
Suppose 3*y - 2*y - 10348 = -2262. List the prime factors of y.
2, 13, 311
Let g be ((-40)/(-12))/(4/(-30)). Let m = g + 27. Suppose 0*h + 211 = m*h + 3*u, 0 = 3*u - 3. List the prime factors of h.
2, 13
Let m be 2978 + -5 + (-4)/(-4)*9. Suppose -m - 8939 = -13*i. What are the prime factors of i?
7, 131
Suppose -161*x + 140*x + 53852 - 302 = 0. List the prime factors of x.
2, 3, 5, 17
Suppose -5736 - 781 = -7*j. Suppose 0 = 3*o + 3, -2*l - 3*l + j = 4*o. What are the prime factors of l?
11, 17
Let g be -1*(0 + 2)*-1. Suppose g*p - 5 = -1. Suppose 4*u = 4*n - 312, 345 = p*n + 3*n + 4*u. List the prime factors of n.
73
Let r = 490 + 320. Suppose -425*n = -420*n - r. What are the prime factors of n?
2, 3
Suppose -4*l = 5*w - 0*l + 3235, 2*w - 2*l = -1294. Let a = 88 - w. What are the prime factors of a?
3, 5, 7
Let v = 169 + -164. What are the prime factors of ((24/v)/(-1))/((-14)/105)?
2, 3
What are the prime factors of 117/585 + 25816/20?
1291
Let f(a) = 3084*a**2 + 26*a + 55. What are the prime factors of f(-2)?
3, 457
Let c(q) = -q**2 + 6*q + 43. Let v be c(10). Suppose 5*o - 2*l = -13 - 23, 0 = o + v*l - 3. What are the prime factors of 156/((1/3)/((-2)/o))?
2, 3, 13
Let t(d) = d + 9. Let b be t(-3). Let j(r) = 2*r**3 - 2*r**2 + 4*r - 13. List the prime factors of j(b).
7, 53
Let v(j) = 897*j + 41. Let d be v(2). Suppose -821 = -2*u - z + 1004, 2*u + 3*z - d = 0. What are the prime factors of u?
2, 5, 7, 13
Suppose 30*s - 25*s + 539715 = 38*s. What are the prime factors of s?
5, 3271
Let v = 141 - 116. Suppose -v*l + 0*l + 8200 = 0. What are the prime factors of l?
2, 41
Let w(k) = -1196*k + 505. List the prime factors of w(-4).
3, 41, 43
Let f(d) = -d + 38. Let s be f(17). Suppose -2*w = -9 + s. What are the prime factors of (-133 - w)/(2/(4/(-2)))?
127
Let m = 697 + 325. Let a = 1601 - m. What are the prime factors of a?
3, 193
Suppose 4*t + 4*a - 70920 = 0, 2*t - 35496 = -171*a + 175*a. What are the prime factors of t?
2, 3, 739
Let k = 113 - 113. Suppose k = -3*v + 727 + 305. List the prime factors of v.
2, 43
What are the prime factors of ((-28)/(-10))/((-43)/(-127495))?
2, 7, 593
Suppose 5*b = -250 - 170. Let w = b + 233. List the prime factors of w.
149
Let n = -326 - -349. Let b(z) = -z**3 + 25*z**2 - 14*z - 39. What are the prime factors of b(n)?
17, 41
Suppose 1379 = -4*u - 5*p, 3*p - 2068 = 5*u - 335. Let b = -153 - u. What are the prime factors of b?
193
Let f = -13332 + 24464. What are the prime factors of f?
2, 11, 23
Let s = 17370 - 1459. What are the prime factors of s?
7, 2273
Suppose 73*s - 50*s - 42550 = 0. Let k = 2650 - s. List the prime factors of k.
2, 5
Suppose m = 3*m + 10, 0 = 2*i + 2*m + 28. Let o be i/3 + (-210)/(-1 - 2). Suppose 7*b = 150 + o. List the prime factors of b.
31
Let v(x) = 2*x**2 - 16*x + 28. Let s be v(2). Suppose -2*l - 20*n = -24*n - 1624, s*l + 2*n - 3198 = 0. List the prime factors of l.
2, 401
Let o be 5*90/(-12) + (-5)/2. Let q = o - -77. What are the prime factors of q?
37
Let r(t) = 388*t - 1847. List the prime factors of r(30).
7, 1399
Suppose 8*f = -6*f + 2058. Let g = f - -34. List the prime factors of g.
181
Let w be -2 - (684/(-133) + 2/14). What are the prime factors of w/(-1) - 39*(-30)/3?
3, 43
Let l(d) = -2073*d - 750. List the prime factors of l(-4).
2, 3, 419
List the prime factors of 6/(-99) - 29*42/(-594)*14673.
3, 3343
Let j be (-29 + 8/(-4))/1. Let c(s) = -s**3 - 30*s**2 + 33*s + 33. Let l be c(j). Let a(b) = b**3 + 29*b**2 - 2*b + 39. List the prime factors of a(l).
97
Suppose -49*a = -46 - 199. Suppose 133 = r + 4*b - 34, -r + 212 = -a*b. What are the prime factors of r?
11, 17
Let o(a) = -2 + 0*a - a**3 - 5*a**2 + 10*a**2 - 3*a. Let x = 240 - 236. List the prime factors of o(x).
2
Let m = -219 + 227. Suppose 1013 + 1603 = m*h. What are the prime factors of h?
3, 109
Let y = 4979 + -2011. List the prime factors of y.
2, 7, 53
Suppose -6*m = -14 - 34. Suppose -m*r - 13536 = -24*r. What are the prime factors of r?
2, 3, 47
List the prime factors of 9091640/444 + (-10)/(-3).
2, 5
Suppose -m = -4*m + x + 8385, -2*m - 3*x + 5590 = 0. List the prime factors of m.
5, 13, 43
Let i be (-297)/(26/(-169) + 31/(-52)). Suppose 5*g - 2*m = i + 673, 0 = 4*m - 12. Let h = g - 96. List the prime factors of h.
7, 17
Let y(d) = -18*d**2 + 26 - 70*d**2 + 5*d + 93*d**2. Let l be (-3 + 1)*(-6)/(-2). What are the prime factors of y(l)?
2, 11
Let d be 2/(-6) + 13125/63. Suppose 4*h - d - 1276 = 0. List the prime factors of h.
7, 53
Suppose 6090*i - 6074*i = 823664. List the prime factors of i.
51479
Suppose q - 2*s - 7 = -5*s, -4*s - 8 = 0. Suppose -q*z + 2801 = -1606. What are the prime factors of z?
3, 113
Let j be (2 - 1)/(23/3059). Let b be (0 - 4224/(-14)) + 38/j. Suppose -b = -2*c - 4*q, -343 - 412 = -5*c + q. List the prime factors of c.
151
Let w = 9340 - 6413. What are the prime factors of w?
2927
Let u(s) = 11*s + 303. Let g be u(-27). Let b(j) = 2*j**3 + 11*j**2 - 3*j - 1. List the prime factors of b(g).
809
Suppose 5*c - 6410 = 2*u - 64092, 3*u = 3*c + 86487. What are the prime factors of u?
3, 13, 739
Suppose -3*k = -4*x + k + 24, 0 = 3*k + 9. Suppose 0*n - 3 = x*n. List the prime factors of 83 - (-3 + -5*(n + 0)).
3
Let l be ((-10)/14 - -1) + 640/112. Let p be (l